{"id":692,"date":"2015-06-02T10:33:34","date_gmt":"2015-06-02T08:33:34","guid":{"rendered":"https:\/\/smaskolan.se\/?page_id=692"},"modified":"2020-04-18T08:49:07","modified_gmt":"2020-04-18T06:49:07","slug":"tim-och-dagsvikarier","status":"publish","type":"page","link":"https:\/\/smaskolan.se\/?page_id=692","title":{"rendered":"Tim- och dagsvikarier"},"content":{"rendered":"\n<p> <\/p>\n\n\n\n<blockquote class=\"wp-block-quote is-style-large is-layout-flow wp-block-quote-is-layout-flow\"><p>Sedan 2011 erbjuder Sm\u00e5skolan (\u00e5k F-2) och Eraskolan \u00e5k 3-6) en kreativ och fram\u00e5t arbetsplats. Sm\u00e5skolans &amp; Eraskolans id\u00e9 bygger p\u00e5 sm\u00e5 skolor med sm\u00e5 klasser, d\u00e4r ledorden \u00e4r engagemang, trygghet och resultat. Alla anst\u00e4llda hos oss \u00e4r viktiga pusselbitar i att f\u00e5 alla elever v\u00e5ga utmana sig sj\u00e4lva och utvecklas hos oss.<\/p><\/blockquote>\n\n\n<style>#kt-layout-id_8dd6c8-a1 > .kt-row-column-wrap{align-content:start;}:where(#kt-layout-id_8dd6c8-a1 > .kt-row-column-wrap) > .wp-block-kadence-column{justify-content:start;}#kt-layout-id_8dd6c8-a1 > .kt-row-column-wrap{column-gap:var(--global-kb-gap-md, 2rem);row-gap:var(--global-kb-gap-md, 2rem);padding-top:var( --global-kb-row-default-top, 25px );padding-bottom:var( --global-kb-row-default-bottom, 25px );padding-top:var(--global-kb-spacing-sm, 1.5rem);padding-bottom:var(--global-kb-spacing-sm, 1.5rem);grid-template-columns:repeat(2, minmax(0, 1fr));}#kt-layout-id_8dd6c8-a1 > .kt-row-layout-overlay{opacity:0.30;}@media all and (max-width: 1024px){#kt-layout-id_8dd6c8-a1 > .kt-row-column-wrap{grid-template-columns:repeat(2, minmax(0, 1fr));}}@media all and (max-width: 767px){#kt-layout-id_8dd6c8-a1 > .kt-row-column-wrap{grid-template-columns:minmax(0, 1fr);}}<\/style>\n<div class=\"wp-block-kadence-rowlayout alignnone\"><div id=\"kt-layout-id_8dd6c8-a1\" class=\"kt-row-layout-inner  kt-layout-id_8dd6c8-a1\"><div class=\"kt-row-column-wrap kt-has-2-columns kt-gutter-default kt-v-gutter-default kt-row-valign-top kt-row-layout-equal kt-tab-layout-inherit kt-m-colapse-left-to-right kt-mobile-layout-row\"><style>.kadence-column_750644-1d > .kt-inside-inner-col{border-top-width:0px;border-right-width:0px;border-bottom-width:0px;border-left-width:0px;}.kadence-column_750644-1d > .kt-inside-inner-col,.kadence-column_750644-1d > .kt-inside-inner-col:before{border-top-left-radius:0px;border-top-right-radius:0px;border-bottom-right-radius:0px;border-bottom-left-radius:0px;}.kadence-column_750644-1d > .kt-inside-inner-col{column-gap:var(--global-kb-gap-sm, 1rem);}.kadence-column_750644-1d > .kt-inside-inner-col{flex-direction:column;}.kadence-column_750644-1d > .kt-inside-inner-col > .aligncenter{width:100%;}.kadence-column_750644-1d > .kt-inside-inner-col:before{opacity:0.3;}.kadence-column_750644-1d{position:relative;}@media all and (max-width: 1024px){.kadence-column_750644-1d > .kt-inside-inner-col{flex-direction:column;justify-content:center;}}@media all and (max-width: 767px){.kadence-column_750644-1d > .kt-inside-inner-col{flex-direction:column;justify-content:center;}}<\/style>\n<div class=\"wp-block-kadence-column inner-column-1 kadence-column_750644-1d\"><div class=\"kt-inside-inner-col\"><style>.wp-block-kadence-advancedheading.kt-adv-heading_6bfa94-1f, .wp-block-kadence-advancedheading.kt-adv-heading_6bfa94-1f[data-kb-block=\"kb-adv-heading_6bfa94-1f\"]{font-style:normal;}.wp-block-kadence-advancedheading.kt-adv-heading_6bfa94-1f mark.kt-highlight, .wp-block-kadence-advancedheading.kt-adv-heading_6bfa94-1f[data-kb-block=\"kb-adv-heading_6bfa94-1f\"] mark.kt-highlight{font-style:normal;color:#f76a0c;-webkit-box-decoration-break:clone;box-decoration-break:clone;padding-top:0px;padding-right:0px;padding-bottom:0px;padding-left:0px;}<\/style>\n<h5 id=\"kt-adv-heading_6bfa94-1f\" class=\"kt-adv-heading_6bfa94-1f wp-block-kadence-advancedheading\">Arbetsuppgifter<\/h5>\n\n\n\n<p>Till v\u00e5r verksamhet s\u00f6ker vi nu tim- och dagsvikarier. Utg\u00e5ngspunkten f\u00f6r vikariaten \u00e4r v\u00e5r pedagogiska verksamhet\/lektioner men \u00e4ven andra arbetsuppgifter kopplade till elevernas skoldagar kan vara aktuella.<\/p>\n\n\n\n<p>Sm\u00e5skolan &amp; Eraskolan \u00e4r uppbyggd kring skicklig och fram\u00e5t personal, vilket givetvis ocks\u00e5 inkluderar v\u00e5ra vikarier. Att arbeta p\u00e5 Sm\u00e5skolan &amp; Eraskolan kr\u00e4ver professionalism kombinerat med flexibilitet och en positivt, kreativt f\u00f6rh\u00e5llningss\u00e4tt.<\/p>\n\n\n<style>.wp-block-kadence-advancedheading.kt-adv-heading_00cc45-9e, .wp-block-kadence-advancedheading.kt-adv-heading_00cc45-9e[data-kb-block=\"kb-adv-heading_00cc45-9e\"]{font-style:normal;}.wp-block-kadence-advancedheading.kt-adv-heading_00cc45-9e mark.kt-highlight, .wp-block-kadence-advancedheading.kt-adv-heading_00cc45-9e[data-kb-block=\"kb-adv-heading_00cc45-9e\"] mark.kt-highlight{font-style:normal;color:#f76a0c;-webkit-box-decoration-break:clone;box-decoration-break:clone;padding-top:0px;padding-right:0px;padding-bottom:0px;padding-left:0px;}<\/style>\n<h5 id=\"kt-adv-heading_00cc45-9e\" class=\"kt-adv-heading_00cc45-9e wp-block-kadence-advancedheading\">Kvalifikationer<\/h5>\n\n\n\n<p>Vi ser g\u00e4rna att du har en pedagogisk utbildning av n\u00e5got slag, men detta \u00e4r inget formellt krav d\u00e5 vi l\u00e4gger mycket stor vikt vid dina personliga f\u00f6ruts\u00e4ttningar. I din ans\u00f6kan bifogar du aktuellt registerutdrag (som du kan best\u00e4lla <a href=\"https:\/\/polisen.se\/tjanster-tillstand\/belastningsregistret\/skola-eller-forskola\/\">h\u00e4r<\/a>).<\/p>\n\n\n<style>.wp-block-kadence-advancedheading.kt-adv-heading_0ef44a-e1, .wp-block-kadence-advancedheading.kt-adv-heading_0ef44a-e1[data-kb-block=\"kb-adv-heading_0ef44a-e1\"]{font-style:normal;}.wp-block-kadence-advancedheading.kt-adv-heading_0ef44a-e1 mark.kt-highlight, .wp-block-kadence-advancedheading.kt-adv-heading_0ef44a-e1[data-kb-block=\"kb-adv-heading_0ef44a-e1\"] mark.kt-highlight{font-style:normal;color:#f76a0c;-webkit-box-decoration-break:clone;box-decoration-break:clone;padding-top:0px;padding-right:0px;padding-bottom:0px;padding-left:0px;}<\/style>\n<h5 id=\"kt-adv-heading_0ef44a-e1\" class=\"kt-adv-heading_0ef44a-e1 wp-block-kadence-advancedheading\">Varaktighet<\/h5>\n\n\n\n<p>Visstid, dagtid. Vikariat kan r\u00f6ra sig om enstaka timmar, dagar eller l\u00e4ngre perioder. Ibland med kort framf\u00f6rh\u00e5llning. Ibland med l\u00e4ngre.<\/p>\n\n\n<style>.wp-block-kadence-advancedheading.kt-adv-heading_31a41c-3b, .wp-block-kadence-advancedheading.kt-adv-heading_31a41c-3b[data-kb-block=\"kb-adv-heading_31a41c-3b\"]{font-style:normal;}.wp-block-kadence-advancedheading.kt-adv-heading_31a41c-3b mark.kt-highlight, .wp-block-kadence-advancedheading.kt-adv-heading_31a41c-3b[data-kb-block=\"kb-adv-heading_31a41c-3b\"] mark.kt-highlight{font-style:normal;color:#f76a0c;-webkit-box-decoration-break:clone;box-decoration-break:clone;padding-top:0px;padding-right:0px;padding-bottom:0px;padding-left:0px;}<\/style>\n<h5 id=\"kt-adv-heading_31a41c-3b\" class=\"kt-adv-heading_31a41c-3b wp-block-kadence-advancedheading\">Kontaktperson\/fr\u00e5gor besvaras av <\/h5>\n\n\n\n<p>Rektor Fredrik P\u00e5hlsson, 0734-60 50 90<\/p>\n\n\n<style>.wp-block-kadence-advancedheading.kt-adv-heading_90b3a5-ef, .wp-block-kadence-advancedheading.kt-adv-heading_90b3a5-ef[data-kb-block=\"kb-adv-heading_90b3a5-ef\"]{font-style:normal;}.wp-block-kadence-advancedheading.kt-adv-heading_90b3a5-ef mark.kt-highlight, .wp-block-kadence-advancedheading.kt-adv-heading_90b3a5-ef[data-kb-block=\"kb-adv-heading_90b3a5-ef\"] mark.kt-highlight{font-style:normal;color:#f76a0c;-webkit-box-decoration-break:clone;box-decoration-break:clone;padding-top:0px;padding-right:0px;padding-bottom:0px;padding-left:0px;}<\/style>\n<h5 id=\"kt-adv-heading_90b3a5-ef\" class=\"kt-adv-heading_90b3a5-ef wp-block-kadence-advancedheading\">Ans\u00f6kan<\/h5>\n\n\n\n<p>S\u00e4nd din ans\u00f6kan, komplett med personligt brev och CV, till <a href=\"mailto:info@smaskolan.se\">info@smaskolan.se<\/a><\/p>\n\n\n\n<div style=\"height:20px\" aria-hidden=\"true\" class=\"wp-block-spacer\"><\/div>\n\n\n\n<p>Varmt v\u00e4lkommen med din ans\u00f6kan!<\/p>\n<\/div><\/div>\n\n\n<style>.kadence-column_1734b3-fb > .kt-inside-inner-col{border-top-width:0px;border-right-width:0px;border-bottom-width:0px;border-left-width:0px;}.kadence-column_1734b3-fb > .kt-inside-inner-col,.kadence-column_1734b3-fb > .kt-inside-inner-col:before{border-top-left-radius:0px;border-top-right-radius:0px;border-bottom-right-radius:0px;border-bottom-left-radius:0px;}.kadence-column_1734b3-fb > .kt-inside-inner-col{column-gap:var(--global-kb-gap-sm, 1rem);}.kadence-column_1734b3-fb > .kt-inside-inner-col{flex-direction:column;}.kadence-column_1734b3-fb > .kt-inside-inner-col > .aligncenter{width:100%;}.kadence-column_1734b3-fb > .kt-inside-inner-col:before{opacity:0.3;}.kadence-column_1734b3-fb{position:relative;}@media all and (max-width: 1024px){.kadence-column_1734b3-fb > .kt-inside-inner-col{flex-direction:column;justify-content:center;}}@media all and (max-width: 767px){.kadence-column_1734b3-fb > .kt-inside-inner-col{flex-direction:column;justify-content:center;}}<\/style>\n<div class=\"wp-block-kadence-column inner-column-2 kadence-column_1734b3-fb\"><div class=\"kt-inside-inner-col\">\n<figure class=\"wp-block-image size-large\"><img loading=\"lazy\" decoding=\"async\" width=\"674\" height=\"892\" src=\"https:\/\/smaskolan.se\/wp-content\/uploads\/2020\/04\/Elev-som-hoppar-p\u00e5-friidrottsdag.jpg\" alt=\"\" class=\"wp-image-2188\" srcset=\"https:\/\/smaskolan.se\/wp-content\/uploads\/2020\/04\/Elev-som-hoppar-p\u00e5-friidrottsdag.jpg 674w, https:\/\/smaskolan.se\/wp-content\/uploads\/2020\/04\/Elev-som-hoppar-p\u00e5-friidrottsdag-227x300.jpg 227w\" sizes=\"auto, (max-width: 674px) 100vw, 674px\" \/><\/figure>\n<\/div><\/div>\n<\/div><\/div><\/div>\n","protected":false},"excerpt":{"rendered":"<p>Sedan 2011 erbjuder Sm\u00e5skolan (\u00e5k F-2) och Eraskolan \u00e5k 3-6) en kreativ och fram\u00e5t arbetsplats. Sm\u00e5skolans &amp; Eraskolans id\u00e9 bygger p\u00e5 sm\u00e5 skolor med sm\u00e5 klasser, d\u00e4r ledorden \u00e4r engagemang, trygghet och resultat. Alla anst\u00e4llda hos oss \u00e4r viktiga pusselbitar i att f\u00e5 alla elever v\u00e5ga utmana sig sj\u00e4lva och utvecklas hos oss. Arbetsuppgifter Till&#8230;<\/p>\n","protected":false},"author":1,"featured_media":0,"parent":486,"menu_order":0,"comment_status":"closed","ping_status":"closed","template":"","meta":{"_monsterinsights_skip_tracking":false,"_monsterinsights_sitenote_active":false,"_monsterinsights_sitenote_note":"","_monsterinsights_sitenote_category":0,"_kad_post_transparent":"","_kad_post_title":"","_kad_post_layout":"","_kad_post_sidebar_id":"","_kad_post_content_style":"","_kad_post_vertical_padding":"","_kad_post_feature":"","_kad_post_feature_position":"","_kad_post_header":false,"_kad_post_footer":false,"footnotes":""},"class_list":["post-692","page","type-page","status-publish","hentry"],"_links":{"self":[{"href":"https:\/\/smaskolan.se\/index.php?rest_route=\/wp\/v2\/pages\/692","targetHints":{"allow":["GET"]}}],"collection":[{"href":"https:\/\/smaskolan.se\/index.php?rest_route=\/wp\/v2\/pages"}],"about":[{"href":"https:\/\/smaskolan.se\/index.php?rest_route=\/wp\/v2\/types\/page"}],"author":[{"embeddable":true,"href":"https:\/\/smaskolan.se\/index.php?rest_route=\/wp\/v2\/users\/1"}],"replies":[{"embeddable":true,"href":"https:\/\/smaskolan.se\/index.php?rest_route=%2Fwp%2Fv2%2Fcomments&post=692"}],"version-history":[{"count":5,"href":"https:\/\/smaskolan.se\/index.php?rest_route=\/wp\/v2\/pages\/692\/revisions"}],"predecessor-version":[{"id":2191,"href":"https:\/\/smaskolan.se\/index.php?rest_route=\/wp\/v2\/pages\/692\/revisions\/2191"}],"up":[{"embeddable":true,"href":"https:\/\/smaskolan.se\/index.php?rest_route=\/wp\/v2\/pages\/486"}],"wp:attachment":[{"href":"https:\/\/smaskolan.se\/index.php?rest_route=%2Fwp%2Fv2%2Fmedia&parent=692"}],"curies":[{"name":"wp","href":"https:\/\/api.w.org\/{rel}","templated":true}]}}