{"id":473,"date":"2011-03-15T09:14:42","date_gmt":"2011-03-15T08:14:42","guid":{"rendered":"https:\/\/smaskolan.se\/?page_id=473"},"modified":"2020-08-29T18:23:17","modified_gmt":"2020-08-29T16:23:17","slug":"i-smaskolan","status":"publish","type":"page","link":"https:\/\/smaskolan.se\/?page_id=473","title":{"rendered":"I Sm\u00e5skolan"},"content":{"rendered":"<p>Under rubriken &#8221;I Sm\u00e5skolan&#8221; l\u00e4gger vi ut alla information till Er som redan \u00e4r sm\u00e5skolingar.<br \/>\nV\u00e4nligen v\u00e4lj vidare i menyn under &#8221;I Sm\u00e5skolan&#8221;!<\/p>\n","protected":false},"excerpt":{"rendered":"<p>Under rubriken &#8221;I Sm\u00e5skolan&#8221; l\u00e4gger vi ut alla information till Er som redan \u00e4r sm\u00e5skolingar. V\u00e4nligen v\u00e4lj vidare i menyn under &#8221;I Sm\u00e5skolan&#8221;!<\/p>\n","protected":false},"author":1,"featured_media":0,"parent":0,"menu_order":3,"comment_status":"closed","ping_status":"closed","template":"","meta":{"_monsterinsights_skip_tracking":false,"_monsterinsights_sitenote_active":false,"_monsterinsights_sitenote_note":"","_monsterinsights_sitenote_category":0,"_kad_post_transparent":"","_kad_post_title":"","_kad_post_layout":"","_kad_post_sidebar_id":"","_kad_post_content_style":"","_kad_post_vertical_padding":"","_kad_post_feature":"","_kad_post_feature_position":"","_kad_post_header":false,"_kad_post_footer":false,"footnotes":""},"class_list":["post-473","page","type-page","status-publish","hentry"],"_links":{"self":[{"href":"https:\/\/smaskolan.se\/index.php?rest_route=\/wp\/v2\/pages\/473","targetHints":{"allow":["GET"]}}],"collection":[{"href":"https:\/\/smaskolan.se\/index.php?rest_route=\/wp\/v2\/pages"}],"about":[{"href":"https:\/\/smaskolan.se\/index.php?rest_route=\/wp\/v2\/types\/page"}],"author":[{"embeddable":true,"href":"https:\/\/smaskolan.se\/index.php?rest_route=\/wp\/v2\/users\/1"}],"replies":[{"embeddable":true,"href":"https:\/\/smaskolan.se\/index.php?rest_route=%2Fwp%2Fv2%2Fcomments&post=473"}],"version-history":[{"count":3,"href":"https:\/\/smaskolan.se\/index.php?rest_route=\/wp\/v2\/pages\/473\/revisions"}],"predecessor-version":[{"id":2341,"href":"https:\/\/smaskolan.se\/index.php?rest_route=\/wp\/v2\/pages\/473\/revisions\/2341"}],"wp:attachment":[{"href":"https:\/\/smaskolan.se\/index.php?rest_route=%2Fwp%2Fv2%2Fmedia&parent=473"}],"curies":[{"name":"wp","href":"https:\/\/api.w.org\/{rel}","templated":true}]}}