{"id":1564,"date":"2016-12-01T19:41:44","date_gmt":"2016-12-01T18:41:44","guid":{"rendered":"https:\/\/smaskolan.se\/?page_id=1564"},"modified":"2021-11-10T16:03:49","modified_gmt":"2021-11-10T15:03:49","slug":"smaskolans-luciahjalp","status":"publish","type":"page","link":"https:\/\/smaskolan.se\/?page_id=1564","title":{"rendered":"Sm\u00e5skolans luciahj\u00e4lp"},"content":{"rendered":"<p><strong><br \/>F\u00f6r sjunde \u00e5ret i rad &#8211; Varmt v\u00e4lkommen till Sm\u00e5skolans luciahj\u00e4lp!<\/strong><\/p>\n<p>N\u00e4stan 300 skolor och f\u00f6rskolor anv\u00e4nder Sm\u00e5skolans luciabakgrunder. Kul!<\/p>\n<p>M\u00e5nga har genom \u00e5ren saknat en hand att h\u00e5lla i n\u00e4r det kommer till Lucia. Sm\u00e5skolan har d\u00e4rf\u00f6r spelat in <span style=\"color: #ff0000;\"><em>enkla, enkla pianobakgrunder<\/em><\/span> som f\u00f6rskolor, skolor, kyrkor och andra g\u00e4rna f\u00e5r anv\u00e4nda f\u00f6r att f\u00e5 r\u00e4tt tonarter p\u00e5 ett helt g\u00e4ng lucial\u00e5tar. Alla tonarter \u00e4r anpassade efter barns r\u00f6ster.<\/p>\n<p>G\u00d6R S\u00c5 H\u00c4R:<br \/>Fyll i uppgifterna nedan! Tryck &#8221;SKICKA&#8221;-knappen l\u00e4ngst ned. En nedladdningsl\u00e4nk dyker d\u00e5 upp p\u00e5 din sk\u00e4rm. (Funkar inte l\u00e4nken direkt s\u00e5 kan man kopiera den och klistra in i adressf\u00e4ltet, sl\u00e5 retur och nedladdningen b\u00f6rjar.)<\/p>\n<p>TIPS:<br \/>Har ni en ljudanl\u00e4ggning av n\u00e5got slag s\u00e5 \u00e4r det bara att ladda ned v\u00e5ra mp3or till er telefon, dator eller platta och sedan koppla in den till er ljudanl\u00e4ggning och bums s\u00e5 har ni ett enkelt och funktionellt komp till ert luciat\u00e5g.<\/p>\n<p>Sm\u00e5skolan skapade dessa mp3or f\u00f6r att alla v\u00e5ra l\u00e4rare skulle kunna \u00f6va tillsammans med sina klasser utan att musikl\u00e4raren \u00e4r med. D\u00e5 flera h\u00f6rde av sig delar vi nu sedan sju \u00e5r tillbaka med oss. Samlingen \u00e4r inte komplett utan grundar sig p\u00e5 just Sm\u00e5skolans behov. Sj\u00e4lvklart tar vi dock g\u00e4rna mot feedback f\u00f6r att utveckla biblioteket vidare. Vill du h\u00f6ra av dig s\u00e5 kan du g\u00f6ra det med ett enkelt mejl till <a href=\"mailto:info@smaskolan.se\">info@smaskolan.se<br \/><\/a><\/p>\n<p>V\u00e5r f\u00f6rhoppning \u00e4r att dessa bakgrunder ska vara till nytta f\u00f6r er i arbetet med fina luciat\u00e5g runt om i landet.<br \/>Alla pianobakgrunder erh\u00e5ller du\/ni <span style=\"color: #ff0000;\">helt utan kostnad<\/span>. Men vill du s\u00e5 f\u00e5r du g\u00e4rna sk\u00e4nka en g\u00e5va till valfri v\u00e4lg\u00f6renhet som tack f\u00f6r materialet. Och om du vill s\u00e5 f\u00e5r du\/ni g\u00e4rna ta ett kort p\u00e5 ert luciat\u00e5g (eller annan anonym lucia-detalj i t\u00e5get f\u00f6r er som inte har m\u00f6jlighet att publicera material) och tagga med #Luciahj\u00e4lp p\u00e5 Facebook och\/eller Instagram.<\/p>\n<p>L\u00e4s mer om Sm\u00e5skolan <a href=\"https:\/\/smaskolan.se\/?page_id=1571\">h\u00e4r<\/a>!<\/p>\n<p>\u00a0<\/p>\n\n\n<iframe loading=\"lazy\" src=\"https:\/\/docs.google.com\/forms\/d\/e\/1FAIpQLSeIMPbyx4Tk6ypjIF9nC1amWu3_GxJ9U96PMdLR-3ViB9wS8Q\/viewform?embedded=true\" width=\"640\" height=\"1138\" frameborder=\"0\" marginheight=\"0\" marginwidth=\"0\">L\u00e4ser in\u00a0\u2026<\/iframe>\n\n\n\n<p>Direktl\u00e4nk: <a href=\"https:\/\/forms.gle\/QSUgk3FG9EqnTFSb9\">https:\/\/forms.gle\/QSUgk3FG9EqnTFSb9<\/a><\/p>\n","protected":false},"excerpt":{"rendered":"<p>F\u00f6r sjunde \u00e5ret i rad &#8211; Varmt v\u00e4lkommen till Sm\u00e5skolans luciahj\u00e4lp! N\u00e4stan 300 skolor och f\u00f6rskolor anv\u00e4nder Sm\u00e5skolans luciabakgrunder. Kul! M\u00e5nga har genom \u00e5ren saknat en hand att h\u00e5lla i n\u00e4r det kommer till Lucia. Sm\u00e5skolan har d\u00e4rf\u00f6r spelat in enkla, enkla pianobakgrunder som f\u00f6rskolor, skolor, kyrkor och andra g\u00e4rna f\u00e5r anv\u00e4nda f\u00f6r att f\u00e5&#8230;<\/p>\n","protected":false},"author":1,"featured_media":0,"parent":1427,"menu_order":0,"comment_status":"closed","ping_status":"closed","template":"","meta":{"_monsterinsights_skip_tracking":false,"_monsterinsights_sitenote_active":false,"_monsterinsights_sitenote_note":"","_monsterinsights_sitenote_category":0,"_kad_post_transparent":"","_kad_post_title":"","_kad_post_layout":"","_kad_post_sidebar_id":"","_kad_post_content_style":"","_kad_post_vertical_padding":"","_kad_post_feature":"","_kad_post_feature_position":"","_kad_post_header":false,"_kad_post_footer":false,"footnotes":""},"class_list":["post-1564","page","type-page","status-publish","hentry"],"_links":{"self":[{"href":"https:\/\/smaskolan.se\/index.php?rest_route=\/wp\/v2\/pages\/1564","targetHints":{"allow":["GET"]}}],"collection":[{"href":"https:\/\/smaskolan.se\/index.php?rest_route=\/wp\/v2\/pages"}],"about":[{"href":"https:\/\/smaskolan.se\/index.php?rest_route=\/wp\/v2\/types\/page"}],"author":[{"embeddable":true,"href":"https:\/\/smaskolan.se\/index.php?rest_route=\/wp\/v2\/users\/1"}],"replies":[{"embeddable":true,"href":"https:\/\/smaskolan.se\/index.php?rest_route=%2Fwp%2Fv2%2Fcomments&post=1564"}],"version-history":[{"count":22,"href":"https:\/\/smaskolan.se\/index.php?rest_route=\/wp\/v2\/pages\/1564\/revisions"}],"predecessor-version":[{"id":2593,"href":"https:\/\/smaskolan.se\/index.php?rest_route=\/wp\/v2\/pages\/1564\/revisions\/2593"}],"up":[{"embeddable":true,"href":"https:\/\/smaskolan.se\/index.php?rest_route=\/wp\/v2\/pages\/1427"}],"wp:attachment":[{"href":"https:\/\/smaskolan.se\/index.php?rest_route=%2Fwp%2Fv2%2Fmedia&parent=1564"}],"curies":[{"name":"wp","href":"https:\/\/api.w.org\/{rel}","templated":true}]}}