{"id":139,"date":"2010-08-17T13:49:41","date_gmt":"2010-08-17T11:49:41","guid":{"rendered":"https:\/\/smaskolan.se\/?page_id=139"},"modified":"2026-01-09T14:55:09","modified_gmt":"2026-01-09T13:55:09","slug":"fritids","status":"publish","type":"page","link":"https:\/\/smaskolan.se\/?page_id=139","title":{"rendered":"Fritids"},"content":{"rendered":"\n<p>F\u00f6r alla f\u00f6r\u00e4ldrar som beh\u00f6ver hj\u00e4lp med extra omsorgstid s\u00e5 erbjuder Sm\u00e5skolan fritidsverksamhet.<\/p>\n\n\n\n<p>Fritids kan delas upp i tv\u00e5 delar:<br>&#8211; Morgonomsorg, f\u00f6r de f\u00f6r\u00e4ldrar som beh\u00f6ver l\u00e4mna sina barn innan ordinarie skoldag b\u00f6rjar.<br>&#8211; Eftermiddagsfritids, f\u00f6r de f\u00f6r\u00e4ldrar som inte har m\u00f6jlighet att ta emot sina barn d\u00e5 ordinarie skoldag slutar.<\/p>\n\n\n\n<p>Det absoluta flertalet av Sm\u00e5skolans f\u00f6r\u00e4ldrar har valt att ha sina barn p\u00e5 Sm\u00e5skolans fritids. Detta g\u00f6r att skoldagen p\u00e5 delvis s\u00f6ml\u00f6st s\u00e4tt \u00f6verg\u00e5r till fritids. Detta \u00e4r helt i samklang med Skollagen, d\u00e4r fritidsbarnen kallas elever och verksamheten styras av l\u00e4rarutbildad personal. I fritidseftermiddagarna inf\u00e5r samling, gemensam aktivitet, mellis och friare aktiviteter.<\/p>\n\n\n\n<p>Kostnaden f\u00f6r Sm\u00e5skolans fritidshemsverksamhet baserar sig p\u00e5 Link\u00f6pings kommuns riktlinjer om taxa och \u00e4r s\u00e5ledes identisk med de kommunala fritidshemmen.<\/p>\n\n\n<style>.wp-block-kadence-spacer.kt-block-spacer-139_7ca5ac-ff .kt-block-spacer{height:60px;}.wp-block-kadence-spacer.kt-block-spacer-139_7ca5ac-ff .kt-divider{border-top-width:1px;height:1px;border-top-color:#eee;width:80%;border-top-style:solid;}<\/style>\n<div class=\"wp-block-kadence-spacer aligncenter kt-block-spacer-139_7ca5ac-ff\"><div class=\"kt-block-spacer kt-block-spacer-halign-center\"><hr class=\"kt-divider\"\/><\/div><\/div>\n\n\n\n<figure class=\"wp-block-image size-large\"><a href=\"https:\/\/smaskolan.se\/wp-content\/uploads\/2025\/09\/Anmalan-fritidshemmet.png\"><img loading=\"lazy\" decoding=\"async\" width=\"1024\" height=\"256\" src=\"https:\/\/smaskolan.se\/wp-content\/uploads\/2025\/09\/Anmalan-fritidshemmet-1024x256.png\" alt=\"\" class=\"wp-image-3016\" srcset=\"https:\/\/smaskolan.se\/wp-content\/uploads\/2025\/09\/Anmalan-fritidshemmet-1024x256.png 1024w, https:\/\/smaskolan.se\/wp-content\/uploads\/2025\/09\/Anmalan-fritidshemmet-300x75.png 300w, https:\/\/smaskolan.se\/wp-content\/uploads\/2025\/09\/Anmalan-fritidshemmet-768x192.png 768w, https:\/\/smaskolan.se\/wp-content\/uploads\/2025\/09\/Anmalan-fritidshemmet-1536x384.png 1536w, https:\/\/smaskolan.se\/wp-content\/uploads\/2025\/09\/Anmalan-fritidshemmet.png 1600w\" sizes=\"auto, (max-width: 1024px) 100vw, 1024px\" \/><\/a><\/figure>\n\n\n\n<div style=\"position:relative; width:100%; height:0; padding-bottom:1500px;\">\n  <iframe src=\"https:\/\/docs.google.com\/forms\/d\/e\/1FAIpQLSdI1r4iTKvCUYoW7hW3bJzXeiN59GXO_6NV1tvTcdLIEiFWhQ\/viewform?embedded=true\" \n    style=\"position:absolute; top:0; left:0; width:100%; height:100%; border:none;\" \n    frameborder=\"0\" marginheight=\"0\" marginwidth=\"0\">\n  <\/iframe>\n<\/div>\n\n\n<style>.wp-block-kadence-spacer.kt-block-spacer-139_d58a14-fa .kt-block-spacer{height:60px;}.wp-block-kadence-spacer.kt-block-spacer-139_d58a14-fa .kt-divider{border-top-width:1px;height:1px;border-top-color:#eee;width:80%;border-top-style:solid;}<\/style>\n<div class=\"wp-block-kadence-spacer aligncenter kt-block-spacer-139_d58a14-fa\"><div class=\"kt-block-spacer kt-block-spacer-halign-center\"><hr class=\"kt-divider\"\/><\/div><\/div>\n\n\n\n<p><\/p>\n\n\n\n<p><em>Vid upps\u00e4gning:<\/em> <br>Upps\u00e4gning fungerar p\u00e5 precis samma s\u00e4tt f\u00f6r alla fritidshemsverksamhet inklusive 46:an. Vid upps\u00e4gning av plats g\u00e4ller samma grundregel som Link\u00f6pings kommun arbetar med &#8211; 2 m\u00e5naders upps\u00e4gningstid, med start den f\u00f6rste n\u00e4stkommande m\u00e5nad efter upps\u00e4gning. Sker upps\u00e4gning exempelvis per den 25:e i m\u00e5naden s\u00e5 p\u00e5b\u00f6rjas upps\u00e4gningsperioden allts\u00e5 den f\u00f6rste n\u00e4stkommande m\u00e5nad. Exempel f\u00f6r att f\u00f6rtydliga: Upps\u00e4gning sker 25 augusti. Upps\u00e4gningsm\u00e5nader p\u00e5b\u00f6rjas 1 september. Platsen avslutas per sista oktober.<\/p>\n\n\n\n<p>Upps\u00e4gning sker genom att fylla i formul\u00e4r <a href=\"https:\/\/smaskolan.se\/?page_id=2986\" data-type=\"link\" data-id=\"https:\/\/smaskolan.se\/?page_id=2986\">h\u00e4r (ny sida)<\/a>.<\/p>\n\n\n\n<p><\/p>\n","protected":false},"excerpt":{"rendered":"<p>F\u00f6r alla f\u00f6r\u00e4ldrar som beh\u00f6ver hj\u00e4lp med extra omsorgstid s\u00e5 erbjuder Sm\u00e5skolan fritidsverksamhet. Fritids kan delas upp i tv\u00e5 delar:&#8211; Morgonomsorg, f\u00f6r de f\u00f6r\u00e4ldrar som beh\u00f6ver l\u00e4mna sina barn innan ordinarie skoldag b\u00f6rjar.&#8211; Eftermiddagsfritids, f\u00f6r de f\u00f6r\u00e4ldrar som inte har m\u00f6jlighet att ta emot sina barn d\u00e5 ordinarie skoldag slutar. Det absoluta flertalet av Sm\u00e5skolans&#8230;<\/p>\n","protected":false},"author":1,"featured_media":0,"parent":61,"menu_order":6,"comment_status":"closed","ping_status":"closed","template":"","meta":{"_monsterinsights_skip_tracking":false,"_monsterinsights_sitenote_active":false,"_monsterinsights_sitenote_note":"","_monsterinsights_sitenote_category":0,"_kad_post_transparent":"","_kad_post_title":"","_kad_post_layout":"","_kad_post_sidebar_id":"","_kad_post_content_style":"","_kad_post_vertical_padding":"","_kad_post_feature":"","_kad_post_feature_position":"","_kad_post_header":false,"_kad_post_footer":false,"footnotes":""},"class_list":["post-139","page","type-page","status-publish","hentry"],"_links":{"self":[{"href":"https:\/\/smaskolan.se\/index.php?rest_route=\/wp\/v2\/pages\/139","targetHints":{"allow":["GET"]}}],"collection":[{"href":"https:\/\/smaskolan.se\/index.php?rest_route=\/wp\/v2\/pages"}],"about":[{"href":"https:\/\/smaskolan.se\/index.php?rest_route=\/wp\/v2\/types\/page"}],"author":[{"embeddable":true,"href":"https:\/\/smaskolan.se\/index.php?rest_route=\/wp\/v2\/users\/1"}],"replies":[{"embeddable":true,"href":"https:\/\/smaskolan.se\/index.php?rest_route=%2Fwp%2Fv2%2Fcomments&post=139"}],"version-history":[{"count":31,"href":"https:\/\/smaskolan.se\/index.php?rest_route=\/wp\/v2\/pages\/139\/revisions"}],"predecessor-version":[{"id":3044,"href":"https:\/\/smaskolan.se\/index.php?rest_route=\/wp\/v2\/pages\/139\/revisions\/3044"}],"up":[{"embeddable":true,"href":"https:\/\/smaskolan.se\/index.php?rest_route=\/wp\/v2\/pages\/61"}],"wp:attachment":[{"href":"https:\/\/smaskolan.se\/index.php?rest_route=%2Fwp%2Fv2%2Fmedia&parent=139"}],"curies":[{"name":"wp","href":"https:\/\/api.w.org\/{rel}","templated":true}]}}